 - 10, -3*a + 3 - 5 = 2*z. Suppose -290 = -3*h - 269. Suppose h*m - 955 = z*m. What are the prime factors of m?
191
Suppose -5*o + 2*o + 162 = 0. Let k(i) = -3*i**2 - 10*i - 11. Let s be k(-5). Let c = s + o. What are the prime factors of c?
2, 3
Let c(r) = -r + 13*r**2 + 12*r**2 + 3*r + 5*r + 23. List the prime factors of c(-4).
5, 79
Let s be (1 + (-18)/4)*-4. Suppose s*d = 4877 + 3495. List the prime factors of d.
2, 13, 23
Let c = 12222 - 7094. List the prime factors of c.
2, 641
Suppose x - 1999 = -b + 1628, -x = -b + 3617. List the prime factors of b.
2, 1811
Suppose -3150 = 10*g + 5*g. List the prime factors of 1/(69/g + (-14)/(-35)).
2, 7
Let i = 2035 - -10596. List the prime factors of i.
17, 743
Suppose 5*b - 5864 = 5*m + 656, 0 = 4*b + 5*m - 5162. List the prime factors of b.
2, 11, 59
Suppose 5*s + 34*x - 38*x - 10260 = 0, -5*x = -4*s + 8199. List the prime factors of s.
2, 257
List the prime factors of (-27)/(((-64)/6692)/16).
3, 7, 239
Let i(q) = -3029*q + 40. Let b be i(14). What are the prime factors of (-2*3/(-36))/((-23)/b)?
307
Suppose -24 = 1775*n - 1778*n, -2*o - 5*n = -31220. List the prime factors of o.
2, 5, 1559
Let m = 47876 - 28386. What are the prime factors of m?
2, 5, 1949
Let z be (-1)/(2 + 135/(-65)). Suppose -8*q = -z*q + 170. Suppose -q*s + 36*s - 126 = 0. What are the prime factors of s?
3, 7
Let k = 644 + -642. Let g(u) = 200*u**3 + 5*u**2 - 2*u - 1. What are the prime factors of g(k)?
5, 17, 19
Let d = 45 - 57. What are the prime factors of (d/(-14))/(17/714)?
2, 3
Let n(m) be the first derivative of 3*m**4/4 + m**3 + m**2 + 6*m + 178. Let i = 5 - 2. List the prime factors of n(i).
2, 3, 5
Suppose -3*s + 4470 = -2*x + x, 0 = -4*s + 4*x + 5960. Suppose -5*m + s = 2*v, -2*v + 1502 = 2*m - 3*m. Let g = -503 + v. What are the prime factors of g?
13, 19
What are the prime factors of ((-2)/8*-213)/(-19 + (-305240)/(-16064))?
2, 71, 251
Let u = -64 + 67. Let c(h) = -6*h**2 + 6*h - 7. Let w be c(u). Let z = 188 + w. List the prime factors of z.
5, 29
Suppose 2*s = -4*t + 7899 + 10473, 3*t = -2*s + 18374. What are the prime factors of s?
2, 5, 919
List the prime factors of (-143 + 245)/((-4)/10 + 2078/5120).
2, 17
Let x(a) = -a**2 + 2*a + 3. Let r be x(3). Suppose 12 = -4*p - r*p. List the prime factors of (-2 + 1)/(p*(-5)/(-1845)).
3, 41
What are the prime factors of 249568/616*7/2?
2, 709
Let v be (267/6)/(20/(-360)). Let n = -432 - v. What are the prime factors of n?
3, 41
Let r(j) = j**3 - j**2 + 2*j - 3. Let n be r(0). Let t(b) = 6*b**2 - b - 2. Let i be t(n). Suppose a = -0*a + i. What are the prime factors of a?
5, 11
Let v(m) = -7 - 35 - 20*m + 0. Let n be v(-5). Let b = 187 - n. What are the prime factors of b?
3, 43
Suppose 10*j = -68*j + 431028. What are the prime factors of j?
2, 3, 307
Suppose 5*x = d - 0*d - 11, 5*x + 5 = 0. Suppose -d*c = -14 + 68. Let j(a) = -18*a - 8. What are the prime factors of j(c)?
2, 7, 11
Let p(m) = -m**2 + 9*m - 17. Let b be p(6). Let i(g) = 15*g**2 + 3*g - 4. Let v be i(b). Suppose v*k = 13*k + 120. What are the prime factors of k?
2, 3, 5
Let n(w) = -w**3 + 8*w**2 + 3*w + 11. Let j be -24*((-1)/3 + -3 + 3). Let p be n(j). Let i = p - -8. List the prime factors of i.
43
Suppose 0 = 12*u + 5*u - 102. Suppose -29*i - u*i = -910. What are the prime factors of i?
2, 13
Let j = 16827 + 2846. What are the prime factors of j?
103, 191
Suppose g - 4*g + 9 = 3*n, -4*g = -4*n + 28. Suppose f - 14*c = -15*c + 1590, -4*f + 4*c + 6360 = 0. List the prime factors of (3/9)/(n/f).
2, 53
Suppose -3*r + 8*r - 3490 = -2*f, r - 681 = 3*f. Let t = 1416 - r. What are the prime factors of t?
2, 3, 5
Let c(t) = 2887*t - 12. What are the prime factors of c(4)?
2, 7, 103
Let x = 85 - 78. Suppose -13*t + x*t = -1302. List the prime factors of t.
7, 31
Suppose -3*x + 12 = 2*b - 3*b, -4*b - 12 = -3*x. Suppose -x*t = 13*t - 10931. What are the prime factors of t?
643
Suppose 2*x = 2*v + 64794, 10*x = 12*x - 25*v - 64794. List the prime factors of x.
3, 10799
Let v be (28/126 - 6620/(-18)) + -2. Suppose 2*b = -b + v. List the prime factors of b.
2, 61
Let t(a) = -6*a**3 - 3*a**2 + 2*a + 4. Let f be t(-1). Suppose 0 = -2*s + 4*q - 9*q + 639, 0 = -f*s - 4*q + 1640. What are the prime factors of s?
2, 83
List the prime factors of (-39889108)/(-5439) - (-2)/21.
2, 19, 193
Suppose -9*m = -15650 - 6517. What are the prime factors of m?
3, 821
What are the prime factors of (-103 + 5)*-1*(-2248)/(-16)?
7, 281
Let a = 38 - 38. Suppose -2*o - 2 = -4*n, -3*n + 5*o - 11 + 2 = a. Suppose 0 = n*c + c - 213. What are the prime factors of c?
71
Let h = -5141 + 8031. What are the prime factors of h?
2, 5, 17
Let k = 4007 + -583. List the prime factors of k.
2, 107
Let k(d) = d**3 - 7*d**2 - 7*d - 6. Let v be k(8). Suppose 2 = r + v*s - 0*s, s + 4 = 2*r. List the prime factors of 4 - ((-64)/r - 0).
2, 3
Let y(a) = -11486*a - 546. Let p be y(-6). Suppose 26*w = 69*w - p. List the prime factors of w.
2, 3, 5, 53
Suppose 50 + 25 = -5*w. Let n(k) = k**2 + 14*k + 21. Let d be n(w). Suppose q - 2*s - d = 43, -3*s - 228 = -3*q. What are the prime factors of q?
73
Let a be 28/(-3)*(-16)/((-320)/(-30)). Let f(h) = 4*h**2 + 21*h + 31. What are the prime factors of f(a)?
1109
Let x = -87 - -93. Suppose 0 = -2*t - 4*l + 56, 2*l = -x*t + 3*t + 68. List the prime factors of t.
2, 5
List the prime factors of (15/3)/((-15)/(-75942)).
2, 3, 4219
Let u be 7/((-14)/(-4)) - (-2 + 0). Suppose j - 1607 = -u*q, -2006 = -2*q - 3*q - 4*j. List the prime factors of q.
2, 3, 67
Suppose 1713 = 3*r + 5*t, -3*r - t + 1701 = -0*t. Let i = -215 + r. What are the prime factors of i?
3, 13
Suppose -20*l + 317600 = 30*l. What are the prime factors of l?
2, 397
Suppose -5*y - 7442 = -2*b, -4*y + 11209 = 471*b - 468*b. List the prime factors of b.
7, 13, 41
What are the prime factors of (-1)/(-24) + (-1949852)/(-96)?
19, 1069
Let i(q) = 90*q - 178. Let b be i(5). Let n = 769 + b. List the prime factors of n.
3, 347
Let o(y) = -11122*y + 8295. List the prime factors of o(-4).
52783
Suppose 3*t + 2*z = 45766, -2*t + z = -564 - 29949. What are the prime factors of t?
2, 1907
Let p(h) = 23*h**2 - 144*h + 63. What are the prime factors of p(32)?
83, 229
Let q(a) = -1075*a + 2407. What are the prime factors of q(-14)?
3, 11, 23
Suppose -38*m + 0*m + 9*m = -142361. What are the prime factors of m?
4909
Suppose -10*j = -6*j - 3*a - 302, 4*a = 3*j - 230. Let l = j - 190. List the prime factors of l/(-36) + -3 + (-248)/(-18).
2, 7
Let g be 37 - 7/((-21)/3). Suppose -f + 4836 = g*f. What are the prime factors of f?
2, 31
Let s be (5 + -6 - 1)*-114. Suppose 687 = 3*j - s. List the prime factors of j.
5, 61
Let s(u) = 521*u - 2731. What are the prime factors of s(121)?
2, 5, 37, 163
List the prime factors of (3203/(-15))/(27/(-405)).
3203
Let j = 7510 + 5847. What are the prime factors of j?
19, 37
Let s(h) = 2*h**3 - 5*h**2 + 3*h - 27. Let k be s(4). Suppose 40*i - k*i = 1561. List the prime factors of i.
223
Let n be ((-447)/3*1)/1. Suppose 31*b - 667 = 9842. Let j = n + b. What are the prime factors of j?
2, 5, 19
Let v(q) = q**3 + 20*q**2 - 24*q + 3. Let t(c) = 5*c + 9. Let m be t(-4). Let f be 229/m + (-2)/11. What are the prime factors of v(f)?
2, 3, 11
What are the prime factors of (-55041)/28*(-28)/(-63)*-2*3?
2, 2621
Let d = 10392 + 1033. What are the prime factors of d?
5, 457
Suppose 2*k - 95 = -2*v + 73, -242 = -3*k - v. List the prime factors of k.
79
Let m = 1624 - 342. Let n = m - 582. List the prime factors of n.
2, 5, 7
Suppose -3*m - 7*h + 879 = -10*h, 1148 = 4*m + 4*h. Let a = -198 + m. List the prime factors of a.
2, 23
Let f = 469 + -468. List the prime factors of 9 + (482 - (4 - f)).
2, 61
Let q = -65562 - -105794. List the prime factors of q.
2, 47, 107
Suppose 3*o = -o - 3*l + 41, -3*o - 5*l + 39 = 0. What are the prime factors of (-4 + 0)/(o/(-1536))?
2, 3
Let r be (-192)/16 - -2*3. List the prime factors of (-2)/4*5*12/r.
5
Suppose 13*q = 11*q - 360. Let y = q + 831. What are the prime factors of y?
3, 7, 31
Let b(j) = j**3 + 22*j**2 + j - 17. Suppose -10 + 30 = -2*r. What are the prime factors of b(r)?
3, 17, 23
Suppose 0 = -3*k - 3*k - 12. What are the prime factors of (-412)/k*(10 + (-40)/5)?
2, 103
Let t = 15 + -13. Suppose i = -t*i - 3